 12*g + 48398. What is the tens digit of g?
9
Let a = 15 - 11. Suppose a*i - 9 = 3. Suppose 0 = i*p + 6*p - 1053. What is the units digit of p?
7
Suppose 0 = -s + 6*o - 4*o + 5144, 4*s = -4*o + 20552. What is the thousands digit of s?
5
Let j be (2 + 19)*(-2 + 22/6). Let x = j + -30. Suppose 0 = -x*r + 6*r - 85. What is the tens digit of r?
8
Suppose -4*j = -5*u - 2*j + 15, 0 = 2*u + 4*j - 6. Suppose u*o - 5 = -5*m, 0 + 10 = -5*m. Suppose 4*c + q - 52 = o*q, 2*q = 10. What is the tens digit of c?
1
Let y(a) = 1344*a**2 + 556*a - 3303. What is the units digit of y(6)?
7
Suppose -4*c + 3 = -3*c, 4*g - 4*c = 8516. Suppose -182*z = -184*z + g. What is the units digit of z?
6
Let k(s) = -551*s + 866. What is the thousands digit of k(-7)?
4
Suppose -r + 16 = -5*a + 3*a, 4*a + 72 = 4*r. Let t(k) = k**2 - 19*k - 17. Let q be t(r). Suppose 253 = q*h - 296. What is the tens digit of h?
8
Suppose 296542 = 121*j - 168824. What is the tens digit of j?
4
Suppose 2*x = 5*u - 38450, -8*x - 7690 = -u - 5*x. What is the hundreds digit of u?
6
Suppose -25195 = -261*l + 260*l + 5*r, -3*l + 2*r + 75637 = 0. What is the ten thousands digit of l?
2
Suppose 216 = -0*x + 5*x - t, -t = -3*x + 130. Let g be (-441)/(-126)*(22 + 0). Suppose x + g = 2*i. What is the tens digit of i?
6
Let a = 13917 + -3887. What is the ten thousands digit of a?
1
Suppose 0 = -f + 3*t + 2*t - 55, 3*f + 3*t + 147 = 0. Let c = f + 43. Let o = 14 + c. What is the units digit of o?
7
Suppose 3*q - 7*q - 400 = -r, -2*q = r - 412. Suppose -182 - r = -n. Suppose -n = -3*z + 4*j, 2*z + 6*j - 2*j - 360 = 0. What is the tens digit of z?
9
Suppose 17185 = 5*d + 5*j, 5*d - 2*d = 3*j + 10281. Suppose -21*k + 8*k + d = 0. What is the tens digit of k?
6
Let z be 0 + 1 - 1415*(-12)/30. What is the units digit of (42/84)/(-1 + z/566)?
3
Let s be (-7)/((-7)/3)*-11. Let y be 12/(-16) + s/(-12). Suppose -y*l = -5*l + 321. What is the tens digit of l?
0
Let m(j) = 9*j**3 + 8*j**2 + 23*j - 48. What is the tens digit of m(10)?
8
Let q(s) = 430*s - 1228. What is the thousands digit of q(34)?
3
Let h(g) be the second derivative of 23*g**4/12 + 19*g**3/6 + 79*g**2/2 + 19*g + 2. What is the tens digit of h(-6)?
9
Let r be (-12 - (-33816)/(-36)) + 1/3. Let g = r - -2162. What is the hundreds digit of g?
2
Let s be 3/6*3112 - 2. Suppose s + 2846 = 10*i. What is the tens digit of i?
4
Let z(x) = -14*x**2 + 16*x - 77. Let l(w) = -2*w**2 + w - 1. Let p(h) = 6*l(h) - z(h). What is the tens digit of p(18)?
3
Let m = 42082 - 21905. What is the ten thousands digit of m?
2
Let n(b) = 6*b + 99. Let l be n(-16). What is the tens digit of 330*(l - 35/21)?
4
Suppose 16*k = 5*k. Suppose k = -5*a + a + 2332. Let m = a - 413. What is the hundreds digit of m?
1
Suppose 49*o = 19*o. Suppose 5*j - 389 - 241 = -2*x, 2*j + 3*x - 252 = o. What is the hundreds digit of j?
1
Let q = -492 - -986. Let c = q + 29. What is the hundreds digit of c?
5
Suppose 162 = -7*s + s. Let i be s/(-9) - 2/2. What is the units digit of (-1 + 35/i)*6?
9
Let o = -6440 + 4296. Let u = o + 3140. What is the hundreds digit of u?
9
Suppose 9 = -3*x, 2*x - 24 + 38 = 4*p. Suppose p*u - 506 = -v, 3*u - 1259 = -3*v + 262. What is the hundreds digit of v?
5
Let v(i) = i**3 - 49*i**2 + 160*i - 25. What is the hundreds digit of v(48)?
3
Suppose 14 = -3*g - 25. What is the units digit of -2 + g/((-39)/990)?
8
Suppose k + 3*l - 10351 = 0, -4*k + 41404 = -19*l + 24*l. What is the units digit of k?
1
Let h(p) = -576*p**3 - p**2 - 3*p + 1. Let n be h(1). Let l = n - -1519. What is the hundreds digit of l?
9
Suppose -30 + 24 = -x. Let g(c) = 63*c - 102. What is the units digit of g(x)?
6
Suppose -3*h + 3*a = 2*a - 1128, 1897 = 5*h + 4*a. Suppose -2*b - b - 2*p = 593, -b = 5*p + 215. Let m = h + b. What is the units digit of m?
2
Suppose -34*y + 933454 = -498558. What is the units digit of y?
8
What is the tens digit of 12/18*(-1 + 640)?
2
Let r(n) = -n**2 - 5*n + 47. Let p be r(-10). What is the tens digit of ((-35)/(-10) + p)*6 - -388?
9
Suppose x = 188*l - 201*l + 39114, -5*x = 2*l - 195822. What is the units digit of x?
6
Let x(m) = -200*m + 14. Let n be -6 - -1*(-25)/(-5). What is the hundreds digit of x(n)?
2
Let y be -5*115/(-75)*3. Suppose -y*j + 4530 = -13*j. What is the units digit of j?
3
What is the tens digit of 11*423 + (-141 - -139)?
5
Let z(u) = 2*u**2 + 6*u - 4. Let t be z(-3). Let i(x) = 12*x**2 - 7. What is the hundreds digit of i(t)?
1
Let c(h) be the first derivative of 10*h**3/3 + 5*h**2 - 13*h - 4. Let z(f) = -29*f - 575. Let x be z(-20). What is the tens digit of c(x)?
8
Let k(x) = -1228*x**3 + 11*x**2 + 23*x - 11. What is the tens digit of k(-2)?
1
Suppose 202 = t - 50. Let o = t - 222. What is the units digit of o?
0
Let t(l) = -15*l - 4. Let j be t(-3). Suppose 2*w = j - 7. Suppose 4*f - 2*f = -4*s + 38, -s + 2*f + w = 0. What is the units digit of s?
1
Let b(a) = -a**3 + 91*a**2 - 49*a - 1311. What is the hundreds digit of b(85)?
8
Let j(z) = -4*z**2 + 6*z + 3. Let q(t) = -9*t**2 + 12*t + 5. Let s(c) = 5*j(c) - 3*q(c). Let n be 676/104 - (-2 + (-5)/(-2)). What is the units digit of s(n)?
6
Suppose 685 = 5*j + 2*m, 5*m = -19*j + 17*j + 295. Let n = 408 - j. What is the tens digit of n?
7
Let i(z) = -z**3 + 56*z**2 + 326*z - 145. What is the thousands digit of i(61)?
1
Let j(c) = c**3 + 14*c**2 - 13*c - 8. Let n be j(-16). Let g = n + 159. Let y = -105 - g. What is the units digit of y?
8
Let x = 10198 + -4279. What is the thousands digit of x?
5
Suppose -99*a + 222751 + 2758238 = 0. What is the tens digit of a?
1
Let q = 17 - 2. Let b = q + -9. What is the units digit of (-4)/12 - (-242)/b?
0
Suppose -5*q = 3*m - 25, -m + 10 = 5*q - 15. Suppose m = 2*o + 2*w - 0*w + 18, 12 = -4*o + 4*w. What is the tens digit of -4 - o - (-35 + 2)?
3
Let v(d) = -742*d + 6700. What is the thousands digit of v(0)?
6
What is the tens digit of ((-587157)/38 - 16)*-2?
3
Let k = -43 - -45. Let y be 12/15 + k/((-30)/(-5733)). Let j = y - 272. What is the units digit of j?
1
What is the units digit of 10468601/1235 - (1 + 4/(-10))?
6
Suppose 0 = h - 7 + 5. Suppose -3*j = -h*j + 4, 30 = 3*q - 3*j. Suppose q = 3*t - 24. What is the tens digit of t?
1
Suppose 4090 = 5*m + 8*k - 3*k, 3*m = 3*k + 2484. Let s = m + -474. What is the hundreds digit of s?
3
Let m(u) be the third derivative of u**5/20 - u**4/8 + 18*u**2. Let y be m(2). Let d = y + 30. What is the tens digit of d?
3
Let b(y) = 283*y + 90. Suppose -31*u = -35*u - 5*m + 21, 2*u - m - 7 = 0. What is the tens digit of b(u)?
2
Let q = -6440 + 9155. What is the hundreds digit of q?
7
Suppose 15*z - 351415 = 398129 - 7029. What is the thousands digit of z?
9
Suppose -13*j = -18*j + 25, j + 299 = 2*c. Let w be (-1)/(-1) - 1593/(-3). Suppose 5*f = g - c, 4*g - w = 3*f - 2*f. What is the tens digit of g?
3
Suppose 0 = -5*f + 12 - 2. Suppose w = -4*u + 21, 5*w - 37 = f*u - 5*u. Suppose -2*s + 7*s - 697 = 4*g, 0 = -u*g + 8. What is the tens digit of s?
4
Let n(z) = 31*z**2 - 83*z + 462. What is the thousands digit of n(46)?
2
Suppose -2682 = 7*q + 18*q - 278707. What is the tens digit of q?
4
Let a(z) = -352*z + 748. What is the ten thousands digit of a(-128)?
4
Suppose -7 = 4*h - 15. Let i be 2/(-6) + (316/3 - h). Let r = i - 34. What is the units digit of r?
9
Let n = 205 - 184. What is the hundreds digit of (8874/(-459))/((-23)/n + 1)?
2
Suppose -32*f + 21*f - 2190 = -26*f. Suppose -2*j = -4*s + 2, -2*j + s - 5 = -3*j. Suppose 3*u - f = -4*b, -j*u + 3*b + b = -154. What is the units digit of u?
0
What is the units digit of -9 + -4*507/(-6)?
9
Let i(l) = 99*l**2 + 41*l + 214. What is the thousands digit of i(-4)?
1
Suppose c - 4*s = 4, 2*c = s - 3 + 18. Let y be (-1 + 0 + c)*17. Suppose -y = -5*b + 66. What is the tens digit of b?
3
Suppose m - 713 = -n, 0 = -5*m - 2*n + 3077 + 473. Suppose -21*t + 23*t = m. What is the units digit of t?
4
Suppose -2*m = -3*d + 22, -6*m + 22 = 5*d - 2*m. What is the tens digit of 28/d*(-7950)/(-100)?
7
Let u(o) = 2947*o**2 - 129*o + 253. What is the tens digit of u(2)?
8
Let g(c) = 24*c**2 - 25*c**2 - 12*c - 9*c - 30. Let d be g(-12). What is the units digit of (1 + -2)*(-1 + 3 - d)?
6
Suppose 287067 = 3*l + 25*l - 9285. What is the tens digit of l?
8
Let u(h) = -2321*h + 1907. What is the t